n t is divided by 33?
23
Let x(b) be the second derivative of -1/6*b**3 + 0 + 37/2*b**2 - 3*b + 1/20*b**5 + 0*b**4. Calculate the remainder when x(0) is divided by 20.
17
Suppose -u = -5*k - 163, 3*u + 126 = k + 573. Calculate the remainder when u is divided by 26.
18
Let m = 4 - -10. Let q be (6 - 4)/(2/(-12)). Let g = q + 37. Calculate the remainder when g is divided by m.
11
Suppose 0 = -3*x - 9, 2*s - 12*x + 7*x = 111. What is the remainder when 287 is divided by s?
47
What is the remainder when 59 is divided by -21*6/(-18) - 1 - -18?
11
Suppose -7*s = -12*s + 55. Suppose 0*l - 5*l + 128 = 3*n, -4*l + 105 = 5*n. Suppose s + l = 2*o. Calculate the remainder when o is divided by 10.
8
Let r = -103 - -123. Calculate the remainder when 54 is divided by r.
14
What is the remainder when 6/(-14) - 1322/(-14) is divided by 90?
4
Let w = 450 - 414. What is the remainder when 175 is divided by w?
31
Suppose -21*h + 13 = -2255. What is the remainder when h is divided by 65?
43
Calculate the remainder when 333 is divided by (-819)/18*(-20)/65.
11
Suppose 12*h + 11 = 85 + 34. Suppose -7 = -2*w + 1. Suppose a = o + 6, a = -4*o + w - 3. What is the remainder when h is divided by a?
4
Let j(h) = -h**2 + 8*h - 7. Let t be j(6). Suppose -t*y + 44 = -56. What is the remainder when 79 is divided by y?
19
Suppose 6 + 10 = 4*m. Suppose 2*d = 4*d - m*i - 210, -2 = -i. What is the remainder when d is divided by 16?
13
Let w be (-52)/39*(-6)/2. Let n(y) = -y**3 + 4*y**2 + 6*y - 13. Let i = 38 - 6. What is the remainder when i is divided by n(w)?
10
Calculate the remainder when 244/(-61) - (2/2 - 17) is divided by 3.
0
Calculate the remainder when 27 is divided by 1 + 0 + 2 + (-64)/(-16).
6
Suppose d + 2*o - 8 = 0, 3*d - 10*o + 11*o = 39. Calculate the remainder when d is divided by 3.
2
Let s = -19 + 19. Suppose 3*b - 4*a - 17 - 17 = s, 2*b = -3*a + 17. What is the remainder when (3 - 2 - -18) + 0 is divided by b?
9
Let a(y) be the second derivative of -y**5/20 - y**4/2 - 3*y**3/2 + y**2 + 11*y. Calculate the remainder when a(-4) is divided by 2.
0
Suppose 0*w + 2*w = 26. Suppose -2*o + 2 + 0 = -2*h, -5*h + w = -2*o. Calculate the remainder when 112/10 + 10/(-50) is divided by o.
5
Suppose 0 = 4*w - 3*r - 383, 3*r + 4 = 1. Calculate the remainder when w is divided by 16.
15
Let p(m) = m**2 - m + 28. Let c = 51 + -47. Suppose -5*a - c*w + 24 = -10, -40 = -2*a + 5*w. Calculate the remainder when p(0) is divided by a.
8
What is the remainder when (-13)/4*-6*(-5 + 7) is divided by 12?
3
Suppose -i = 4*w - 5*i, -w - 5 = -2*i. Suppose 3*f = -w*x + 37, 4*x - 9*x + 3*f = -43. Suppose 0*m + 5*m = 145. Calculate the remainder when m is divided by x.
5
Suppose 0 = -2*w - 5*b + 2*b + 41, 5*b = -2*w + 51. Suppose 6 = 2*p - 2*c, -4*p - 4*c + 10 + 18 = 0. What is the remainder when w is divided by p?
3
Let j be 3*-5*10/(-75). Suppose l + 0*l = j*d + 41, -3*d - 129 = -3*l. Suppose p - 4 = l. Calculate the remainder when p is divided by 13.
10
Let u = -21 + 81. Let p = u - -15. Calculate the remainder when p is divided by 38.
37
Let i be 14/(-6) + (-2)/(-6). Let m(o) = 15*o**2 - 3. Suppose 2*y = h - 26, 9*h + 5*y = 4*h + 85. Calculate the remainder when m(i) is divided by h.
17
Let g(r) = 94*r**3 - 2*r**2 + 4*r - 1. Suppose 2*u - 76 = -3*d + 7*u, 4*d - 136 = -2*u. What is the remainder when g(1) is divided by d?
31
Let l(f) = -10*f - 5. What is the remainder when 234 is divided by l(-2)?
9
Let k(z) = 5*z**2 - 3*z + 4. Let v be k(-3). Suppose 2*q + v = 4*q. Let m = -6681 + 6691. What is the remainder when q is divided by m?
9
Suppose 0*s = -4*s + 152. Suppose -4*o = 2*w + 2 + s, -w = 2. Let v = o - -12. What is the remainder when v is divided by 2?
1
Let d = -63 + 96. What is the remainder when 194 is divided by d?
29
Suppose 292 = 5*s + 77. What is the remainder when 183 is divided by s?
11
Suppose 3*l = 3*g - 4*g + 35, 4*g - 2*l = 70. Let a = 12 + g. Suppose f + 228 - 39 = 2*j, 5*j + 3*f = 456. Calculate the remainder when j is divided by a.
29
Suppose 5*d - 208 = 4*t, -205 = 10*d - 15*d + 5*t. Calculate the remainder when 306 is divided by d.
42
Let b be (-1 - 3)/(18 - 19). Suppose -3*p = 2*r - 6*p - b, -4*r - 3*p = -44. Calculate the remainder when 31 is divided by r.
7
Let q(o) = 60*o + 194. Calculate the remainder when 60 is divided by q(-3).
4
Calculate the remainder when 239 is divided by (-1)/3 + (-1206)/(-54).
19
Suppose 3*n + 0*a = 2*a + 39, 9 = -3*a. Suppose 0 = 5*k + 25, -2*g + 0*k = -k - n. What is the remainder when 17 is divided by g?
2
Suppose 63 = -0*m + 3*m. Let u = m + 34. Calculate the remainder when u is divided by (190/(-70))/(3/(-21)).
17
Suppose -3*j = 3*m - 39, -39 = 2*j - 5*j - m. Let p = -27 - -45. Suppose 3*t - 3 - p = 0. What is the remainder when j is divided by t?
6
Calculate the remainder when (-65296)/(-120) - (-16)/(-120) is divided by 271.
2
Let n(b) = -40*b - 84. What is the remainder when n(-10) is divided by 46?
40
Suppose 0 = 6*r - 10 + 52. Let j(t) = -t**2 - 14*t + 9. What is the remainder when j(r) is divided by 15?
13
Suppose 0 = -3*y + 117 + 138. Let p be (7 - 6)/(1/y). Suppose 5*o = -h + 128, 2*o + 2*o - p = 5*h. What is the remainder when 97 is divided by o?
22
Suppose 7 = -9*v + 115. Calculate the remainder when 417 is divided by v.
9
Suppose -p - c = -5*p + 31, 4*p - 25 = -c. Let f = 766 - 1333. Calculate the remainder when ((-1)/(-3))/((-7)/f) is divided by p.
6
Suppose 43*r = -8*r + 408. What is the remainder when 48 is divided by r?
0
Suppose -3*h + 64 = 5*w, -4*h - 2*w + 96 = 2*w. Let z(l) = l**3 - 2*l**2 + l - 1. Let y be z(3). What is the remainder when h is divided by (6 - y)/(1/(-2))?
8
Let x be (9 + -10)/(12/(-8) + 1). Let c(f) = -f**2 - 3*f - 4. Let o be c(-3). What is the remainder when -1*60/o - x is divided by 8?
5
Let w(a) = a + 13. Let m be w(-13). Suppose -4*s + 9*s - 195 = m. Calculate the remainder when s is divided by 21.
18
Suppose 3*x - s - 90 = x, 2*x - 5*s - 74 = 0. Calculate the remainder when 133 is divided by x.
39
Let q be -6*(-4)/(-20)*-10. Suppose -30 + 14 = -2*g. Let s = q - g. Calculate the remainder when s is divided by 3.
1
Suppose 0 = 3*d + 2*d - 90. Let r be 102/d + 2/(-3). Let s(h) = 5*h - 12. What is the remainder when s(r) is divided by 3?
1
Suppose 2*c - 26 = -4*t, 3*c + 0*t - 39 = t. Suppose -4*v - 13 = 7. Calculate the remainder when c is divided by v/(-2 + -2 + 3).
3
Suppose 5*p = 100 + 100. Suppose -3*a + 14 = -28. What is the remainder when p is divided by a?
12
Suppose -r + 5*v + 13 - 1 = 0, 4*v = -2*r + 38. Calculate the remainder when (-2)/(((-160)/(-1330))/(-8)) is divided by r.
14
Let o = -49 + 56. Suppose 45 = o*p - 2*p. What is the remainder when p is divided by 7?
2
Let t = 774 - 581. What is the remainder when t is divided by 56?
25
Let n(j) = -6*j + 40. Let i = 228 - 190. What is the remainder when n(-12) is divided by i?
36
Calculate the remainder when (-68)/(-14)*161/23 is divided by 9.
7
Suppose 4*t + 4 = 2*j, -t - 2*t - 3 = -4*j. Calculate the remainder when (t + -95)*2/(-6) is divided by 10.
2
Let f(g) = g**2 - 5*g. Let v be f(5). Calculate the remainder when -3 - v - (12 - 37) is divided by 6.
4
Suppose 4*k + q - 5*q - 580 = 0, 5*q = -3*k + 467. What is the remainder when 317 is divided by k?
19
Suppose -5*l - v = -398, -2*l + 3*v - 2*v + 162 = 0. What is the remainder when l is divided by 27?
26
Let h(p) = -2*p + 2. Let y be h(3). Suppose 0 = 44*x - 43*x - 17. Calculate the remainder when x is divided by (18/y)/((-4)/8).
8
Let d = -73 - -2. Let z = 7 - d. What is the remainder when z is divided by 20?
18
Let q = 119 - 70. Let n = q + -33. Calculate the remainder when 46 is divided by n.
14
Let i(x) = x**3 + 3*x**2 - 5*x + 2. Let b be -3*(-5)/(15/(-4)). Calculate the remainder when 11 is divided by i(b).
5
Let r be 1/9 - (-186)/27. Suppose h - 10 = -r. Suppose -c + 3*j = 7*j + 15, 2*c = -2*j. Calculate the remainder when c is divided by h.
2
Let x(b) = b**3 + 4*b**2 - b + 1. Suppose -4*w + 3 = -t + 15, -t = -2*w - 6. What is the remainder when (-2)/(-4)*92/2 is divided by x(w)?
10
Suppose 4*c - 9 = 7*c. Let q = c + 6. Suppose -4*h + 43 = a - h, -3*a + 153 = -q*h. Calculate the remainder when a is divided by 17.
15
Let s be (-2)/(-4)*(-1484)/7. Calculate the remainder whe